y 8.
3
What is the remainder when ((0 - -4) + (-49720)/16)/(33/(-66)) is divided by 97?
96
Let m(l) = -l**3 - 4*l**2 + 7*l. Let x = -18 + 22. Suppose x*d = 3*d - 6. Calculate the remainder when 179 is divided by m(d).
29
Suppose 174 = 13*c + 109. Calculate the remainder when 1646 is divided by c.
1
Calculate the remainder when (10229/(-159))/((-2)/6) + -7 is divided by 39.
30
Let a = -7 - -13. Let c = 224 - 220. Suppose 8 = -2*k, -c*j - 3*k = -5*j + 28. Calculate the remainder when j is divided by a.
4
Let l(p) = 19*p**2 - 50*p - 149. What is the remainder when l(8) is divided by 31?
16
Suppose -537*v + 375717 - 101310 = 0. Calculate the remainder when v is divided by 57.
55
Suppose 5*q = -4*s + 973, q - 118 = s + 82. Calculate the remainder when q is divided by 34.
27
Let t(b) = 17*b - 54. Suppose -16 - 20 = -3*f. Calculate the remainder when t(f) is divided by 39.
33
Let r(z) = -z**2 - 12*z + 53. Suppose 2*b + 180 = 2*q, -6 = -5*b + 8*b. Calculate the remainder when q is divided by r(-14).
13
Suppose -t + 114 + 9 = 3*c, 0 = 5*c - 4*t - 188. Suppose 32*p - c*p + 72 = 0. Suppose p = j - 21. Calculate the remainder when 114 is divided by j.
24
Suppose 112 = -36*v - 108 + 2416. Let c(o) = o**3 + o**2 + 181. Calculate the remainder when c(0) is divided by v.
59
Let b(t) = -t**2 - 17*t + 86. Calculate the remainder when 925 is divided by b(-19).
13
Let d(y) = -11*y - 75. Let m = 318 + -335. What is the remainder when d(m) is divided by 39?
34
What is the remainder when 1 + (28728/(-12))/(-9) is divided by 6?
3
Let a = -35 + 22. Suppose 338 = -25*x + 12*x. Let k = a - x. What is the remainder when 141 is divided by k?
11
Suppose 20 = -2*w + 4*g, 9*w + 254 - 248 = 4*g. What is the remainder when w is divided by (-9)/(-6) + (-1)/(-2)?
0
Let w = -1712 + 1960. Let g = 37 + -1. What is the remainder when w is divided by g?
32
Suppose -h = -t - 715, 7*h + 8*t = 6*t + 5014. What is the remainder when h is divided by 120?
116
Let a be 1/(-6) + -6 + (-339)/18. Let l be (-3 - -5)*86/4. Let m = l + a. What is the remainder when 34 is divided by m?
16
Suppose 440 = -2*g + 5*q, 5*q - 3 = 7. Let z = 255 + g. What is the remainder when 154 is divided by z?
34
Let s = -2012 + 2160. Calculate the remainder when 1028 is divided by s.
140
Let f = -31 - 190. Let r = -216 - f. Calculate the remainder when 203 is divided by r.
3
Let i(c) = -3*c**2 + 450*c - 325. Calculate the remainder when 486 is divided by i(149).
120
Let n(b) = 2*b**2 - 7*b - 13. Let x be n(6). Let h = 64 - x. Calculate the remainder when 92 is divided by h.
45
Let i(g) = 65*g + 1017. Calculate the remainder when i(-8) is divided by 159.
20
Suppose -18*g + 588 = 24*g. Let n(w) = -2*w + 11. Calculate the remainder when n(-5) is divided by g.
7
Let d = 2938 + -2931. Let c = -47 + 76. Suppose h = -2*a + c, 0*h + 5*h + 3*a - 138 = 0. What is the remainder when h is divided by d?
6
Suppose -2*v + 110 = 888. Let x = v - -1899. What is the remainder when x is divided by 72?
70
Calculate the remainder when 70/1 - (27 - 40) is divided by 83.
0
Let i(o) = 50*o**2 - 364*o + 35. Calculate the remainder when i(8) is divided by 85.
68
Suppose -2*b + 672 = 94. Let n = b - 272. What is the remainder when 271 is divided by n?
16
Let v(a) = 5*a**2 - 34*a + 133. What is the remainder when 703 is divided by v(9)?
7
Let q(x) = x**3 + 117*x**2 + 107*x + 246. Calculate the remainder when q(-116) is divided by 645.
0
Suppose 2*x + x - 27 = -5*h, x - h - 17 = 0. What is the remainder when 13/(91/2) + (-2488)/(-14) is divided by x?
10
Let l(f) = 2*f**2 - 20*f + 12. Let c be l(11). Let u = -16 + c. Calculate the remainder when 28 is divided by u.
10
Let i(a) = -a**2 + 8. Let d be (-1)/(6/(-51) - (-11)/85). Let u = d + 85. Calculate the remainder when i(u) is divided by 3.
2
Let f(t) = t**3 + 11*t**2 - 7. Calculate the remainder when f(-8) is divided by 2/18 + 5570*(-19)/(-1710).
61
Suppose 0*a = 3*a + 1035. Let k = -225 - a. Let s(z) = z**3 + z**2 - 12*z + 9. What is the remainder when k is divided by s(4)?
38
Suppose -4*z = -6*f + 194, -19*z + 16*z - 162 = -5*f. Calculate the remainder when f is divided by 16.
1
Let q = -18280 + 20609. Calculate the remainder when q is divided by 1.
0
Suppose 2 = 2*i, 2*n + 143 = 5*i + 1310. Suppose -591*c + n*c + 145 = 0. Calculate the remainder when c is divided by 9.
2
Suppose 0 = -20*b - b + 105. Let f(v) = 7*v**2 - 18*v + 9. What is the remainder when f(b) is divided by 6?
4
Let a be (2/3)/((-3)/(-126)). Suppose q = 3*q - a. Calculate the remainder when (9/6)/(11/374) is divided by q.
9
Suppose -d + 35400 = d + 3*n, -17700 = -d + 8*n. Calculate the remainder when d is divided by 63.
60
Let x(b) = 27*b + 4. Let g be x(0). Suppose 2*k - 184 = -3*s, g*k - 2*k - 246 = -4*s. What is the remainder when 159 is divided by s?
35
Let g = -64612 + 64619. Let n be (-1)/(-3) - 10/(-6). Suppose c - 22 = 3*o, c - n*o = 33 - 11. Calculate the remainder when c is divided by g.
1
Suppose -39*h + 166 = 10. Suppose -f + 5*f = 0. Suppose h*u - 12 = f, 3 = 5*i - 5*u - 2. Calculate the remainder when 7 is divided by i.
3
Suppose 3*o = -m + 2738, o - 13676 = 7*m - 12*m. What is the remainder when m is divided by 37?
34
What is the remainder when 337 is divided by (-259)/(-3) + (32/(-24))/(-2)?
76
Suppose 10*m - 5*m - 2165 = 0. Let o(p) = 7*p**2 + 6*p + 15. What is the remainder when m is divided by o(-2)?
30
Suppose -s + 3*v = -53, 282 = 2*s + 3*s + 2*v. Let w(b) = 37*b - 7. Calculate the remainder when w(6) is divided by s.
47
Suppose 30900 = 1003*l - 35298. Let r = 95 - -94. What is the remainder when r is divided by l?
57
Let i(o) = -411*o - 196. Calculate the remainder when i(-3) is divided by 212.
189
Let y(u) = 72*u**3 + 7*u - 12. Let d be y(2). Let w = d - 570. Calculate the remainder when 35 is divided by w.
3
Suppose 5*a - 10 = 0, 12*a - 17*a = 3*q - 2146. Suppose -u = r + 42 - 219, 4*u - q = -2*r. Calculate the remainder when u is divided by 14.
11
Let r(n) = 6639*n**3 + 50*n**2 - 55*n + 5. What is the remainder when r(1) is divided by 3?
0
Let o(s) be the first derivative of -s**4/4 + 7*s**3/3 - s**2 + 11*s + 28. Calculate the remainder when 458 is divided by o(5).
50
Let p(n) = -2*n**2 + 29*n + 48. Let h be p(15). Suppose 0 = 14*j - h*j + 1520. Calculate the remainder when j is divided by 23.
11
Let f(l) = 32*l + 2401. Calculate the remainder when f(-72) is divided by 3*35*(-3)/(-9).
27
Suppose -544 = 27*b - 61*b - 34*b. Calculate the remainder when 89 is divided by b.
1
Suppose -170 + 439 = -v. Let y = -239 - v. Calculate the remainder when 52 is divided by y.
22
Let a = -3623 + 5884. Calculate the remainder when a is divided by 14.
7
Let l = -12 - -65. Suppose -l*w = -56*w + 87. Calculate the remainder when 57 is divided by w.
28
What is the remainder when 285 is divided by -36*(-1)/6*2?
9
Suppose 2*x + i - 6 = -2*x, -3*i + 6 = 0. Suppose 95 = 5*l - 0*l. Calculate the remainder when (x/2)/(22/4972) is divided by l.
18
Let h = -7 + 11. Let c(u) = -u + 24. Let q be 2*2 + 1 - (-30 - -27). Calculate the remainder when c(q) is divided by h.
0
What is the remainder when 9 is divided by (-36 + 37)/((-4)/(-16))?
1
Suppose f - 169*b - 590 = -168*b, -f + 569 = 2*b. Calculate the remainder when f is divided by 311.
272
Let y(d) = 2*d**2 - 3*d + 5. Suppose 4*w + 12*q - 11*q = 53, -2*q - 14 = 0. What is the remainder when y(4) is divided by w?
10
Let w be 0/(7/(7/(-2))). Suppose -7*n = -70 - w. Suppose -4*u + 3 = 4*b - 49, 2*b = 6. What is the remainder when n is divided by u?
0
Let b = 66 + -94. What is the remainder when (-8)/b + (-696)/(-14) is divided by 40/2 - (3 - -22 - 18)?
11
Suppose 32*a = 33*a - 2*w - 84, -a + 76 = 2*w. What is the remainder when 130 is divided by a?
50
Let b(d) = -4*d**3 + 6*d**2 + 7*d + 27. Let y(q) = 5*q**3 - 7*q**2 - 7*q - 27. Let n(a) = 6*b(a) + 5*y(a). What is the remainder when 98 is divided by n(0)?
17
Let u be 2 + 1/(-2 + 3). Suppose 13 = u*p - 5*g - 44, 43 = 2*p - 5*g. Calculate the remainder when 51 is divided by p.
9
Let c = -1 - -11. Calculate the remainder when 489 + ((-6)/(-5))/(3/c) is divided by 33.
31
Calculate the remainder when 607 is divided by 216/22 + (10 - (-756)/(-77)).
7
Suppose 3*u - 4*a + 297 = -2*a, -a + 198 = -2*u. Let x = 78 - u. Calculate the rema